{"id":28968,"date":"2019-01-02T20:26:03","date_gmt":"2019-01-02T19:26:03","guid":{"rendered":"https:\/\/coratane.ch\/?page_id=28968"},"modified":"2025-02-09T17:10:56","modified_gmt":"2025-02-09T16:10:56","slug":"portrait","status":"publish","type":"page","link":"https:\/\/coratane.ch\/portrait\/","title":{"rendered":"Portrait de Sylvie W\u00fcthrich"},"content":{"rendered":"<p> <br>Il est toujours difficile pour moi d\u2019expliquer qui je suis. Je peux parler de mon parcours scolaire et professionnel, ce qui repr\u00e9sente ce que j\u2019ai fait mais pas qui je suis. Je peux parler de mes r\u00eaves ce qui n\u2019est pas encore r\u00e9alis\u00e9 et donc ne donne pas d\u2019indication sur qui je suis. Il serait \u00e9galement de bon augure d\u2019exprimer mes croyances et aspirations, justement je travaille dessus, je les trie et ne garde que les croyances positives. Bref, en r\u00e9alit\u00e9, je suis dans l\u2019exp\u00e9rience. L\u2019exp\u00e9rience de la vie et j\u2019essaie de trouver ma place dans les syst\u00e8mes mis \u00e0 disposition par les divers organismes.<\/p><p>Au lieu de vous parler de moi, je souhaite plut\u00f4t vous parler de mes croyances dynamisantes, constructives, expansives et renfor\u00e7antes. J\u2019ai envie de pouvoir apporter des pistes pour que vous puissiez trouver l\u2019\u00e9nergie qui vous permettra d\u2019entrer en action. L\u2019objectif est de vous donner des outils pour gagner en confiance en soi afin que vous puissiez ouvrir vos propres opportunit\u00e9s. Comment arrive-t-on \u00e0 progresser de fa\u00e7on durable\u00a0? C\u2019est en plantant une graine au fond de soi, qui nous fera grandir, progresser et \u00e9voluer sur le long terme. Sans s\u2019essouffler et en gardant la motivation et apprendre l\u2019art de la r\u00e9silience tout en gardant notre estime de soi.<\/p><p>Pendant longtemps, j\u2019ai cherch\u00e9 comment sortir de situations bloquantes dans ma vie, j\u2019ai voulu me d\u00e9couvrir, savoir qui je suis, quelles sont mes forces et mes capacit\u00e9s naturelles et ce que je fais sur terre. Durant des ann\u00e9es, j\u2019ai suivi des formations, appris des m\u00e9thodes et \u00e0 la fin de chaque cycle d\u2019apprentissage, je suis retourn\u00e9e dans mon moi profond pour me rendre compte que j\u2019\u00e9tais toujours la m\u00eame personne. J\u2019ai appris et j\u2019ai \u00ab\u00a0grandi\u00a0\u00bb mais ce qui m\u2019a permis de m\u2019accomplir et de trouver la s\u00e9r\u00e9nit\u00e9 est un moyen d\u2019inscrire en moi l\u2019empreinte de la conscience en connexion continue. Une grande phase qui signifie que je suis en r\u00e9alit\u00e9 sur le chemin. Ce chemin que je souhaite partager avec vous.<\/p><div class=\"wp-block-image\"><figure class=\"aligncenter size-large is-resized\"><img loading=\"lazy\" decoding=\"async\" width=\"1024\" height=\"461\" src=\"https:\/\/coratane.ch\/wp-content\/uploads\/2025\/02\/Sylvie-montagne-1024x461.jpg\" alt=\"\" class=\"wp-image-29226\" style=\"width:797px;height:auto\" srcset=\"https:\/\/coratane.ch\/wp-content\/uploads\/2025\/02\/Sylvie-montagne-1024x461.jpg 1024w, https:\/\/coratane.ch\/wp-content\/uploads\/2025\/02\/Sylvie-montagne-300x135.jpg 300w, https:\/\/coratane.ch\/wp-content\/uploads\/2025\/02\/Sylvie-montagne-768x346.jpg 768w, https:\/\/coratane.ch\/wp-content\/uploads\/2025\/02\/Sylvie-montagne-1536x691.jpg 1536w, https:\/\/coratane.ch\/wp-content\/uploads\/2025\/02\/Sylvie-montagne-600x270.jpg 600w, https:\/\/coratane.ch\/wp-content\/uploads\/2025\/02\/Sylvie-montagne.jpg 1600w\" sizes=\"auto, (max-width: 1024px) 100vw, 1024px\" \/><figcaption class=\"wp-element-caption\">Sylvie<\/figcaption><\/figure><\/div><p class=\"has-medium-font-size\"><a href=\"https:\/\/coratane.ch\/portrait\/chamanisme-mongol\/\" data-type=\"link\" data-id=\"https:\/\/coratane.ch\/portrait\/chamanisme-mongol\/\"><mark style=\"background-color:#9b51e0\" class=\"has-inline-color has-white-color\">Du 1er au 18 ao\u00fbt 2025 je vous accompagne en Mongolie \u00e0 la d\u00e9couverte de vous-m\u00eame sur des terres vierges !<\/mark><\/a><\/p><p><strong>Mes formations:<\/strong><\/p><ul class=\"wp-block-list\"><li><strong>Coach professionnel<\/strong><\/li>\n\n<li><strong>Fleurs de Bach<\/strong><\/li>\n\n<li><strong>Dialogue avec l&rsquo;enfant int\u00e9rieur<\/strong><\/li>\n\n<li><strong>M\u00e9ditations<\/strong><\/li>\n\n<li><strong>Soins \u00e9nerg\u00e9tiques<\/strong><ul class=\"wp-block-list\"><li>selon les enseignements des Andes<\/li>\n\n<li>Th\u00e9ta Healing<\/li>\n\n<li>Code L\u00e9muria<\/li><\/ul><\/li>\n\n<li><strong>Reiki<\/strong><\/li><\/ul><p><\/p>","protected":false},"excerpt":{"rendered":"<p>Il est toujours difficile pour moi d\u2019expliquer qui je suis. Je peux parler de mon parcours scolaire et professionnel, ce qui repr\u00e9sente ce que j\u2019ai fait mais pas qui je suis. Je peux parler de mes r\u00eaves ce qui n\u2019est pas encore r\u00e9alis\u00e9 et donc ne donne pas d\u2019indication sur qui je suis. Il serait [&hellip;]<\/p>\n","protected":false},"author":2,"featured_media":28969,"parent":0,"menu_order":0,"comment_status":"closed","ping_status":"closed","template":"","meta":{"footnotes":""},"class_list":["post-28968","page","type-page","status-publish","has-post-thumbnail","hentry"],"_links":{"self":[{"href":"https:\/\/coratane.ch\/portrait\/wp-json\/wp\/v2\/pages\/28968","targetHints":{"allow":["GET"]}}],"collection":[{"href":"https:\/\/coratane.ch\/portrait\/wp-json\/wp\/v2\/pages"}],"about":[{"href":"https:\/\/coratane.ch\/portrait\/wp-json\/wp\/v2\/types\/page"}],"author":[{"embeddable":true,"href":"https:\/\/coratane.ch\/portrait\/wp-json\/wp\/v2\/users\/2"}],"replies":[{"embeddable":true,"href":"https:\/\/coratane.ch\/portrait\/wp-json\/wp\/v2\/comments?post=28968"}],"version-history":[{"count":18,"href":"https:\/\/coratane.ch\/portrait\/wp-json\/wp\/v2\/pages\/28968\/revisions"}],"predecessor-version":[{"id":29227,"href":"https:\/\/coratane.ch\/portrait\/wp-json\/wp\/v2\/pages\/28968\/revisions\/29227"}],"wp:featuredmedia":[{"embeddable":true,"href":"https:\/\/coratane.ch\/portrait\/wp-json\/wp\/v2\/media\/28969"}],"wp:attachment":[{"href":"https:\/\/coratane.ch\/portrait\/wp-json\/wp\/v2\/media?parent=28968"}],"curies":[{"name":"wp","href":"https:\/\/api.w.org\/{rel}","templated":true}]}}